ppose 4*k - 4*i = 161 + 47, 3*i - 9 = 0. Suppose -k = 4*v - 5*v. List the prime factors of v.
5, 11
Let z(k) = k**2 - 19*k + 34. Let v be z(23). Suppose 38 + v = 2*g. What are the prime factors of g?
2, 41
Let s(m) = 4*m**3 - 2*m**3 - 4*m**2 + 10*m**3 - 3 + 7*m. List the prime factors of s(3).
2, 3, 17
Let y = 890 + 849. What are the prime factors of y?
37, 47
Let a(i) be the third derivative of -i**6/120 - i**5/20 + i**4/6 - 2*i**3/3 - 2*i**2. Suppose -6*k = -k + 25. What are the prime factors of a(k)?
2, 13
Let q(x) be the first derivative of -1/2*x**2 + 3 + 9*x. What are the prime factors of q(7)?
2
Suppose -3*s = 2*q + 177, s = -q - 4 - 55. Let b = s + 122. List the prime factors of b.
3, 7
Let o(s) = 20*s + 10. Let f(z) = -z**2 - z. Let p(n) = f(n) - o(n). What are the prime factors of p(-17)?
2, 29
Let i(j) = 4*j + 6. Let a be i(3). Let k be ((-258)/12)/((-3)/a). Suppose -m = -5*m + f + k, 118 = 3*m - 5*f. What are the prime factors of m?
31
Suppose 0 = 145*i - 143*i - 2112. List the prime factors of i.
2, 3, 11
Suppose 4*p + 5*t + 4 = 2, 6 = 4*p + t. List the prime factors of (-952)/(-24) - p/(-6).
2, 5
Let b be 26/10 - 10/(-25). List the prime factors of (482/9)/(6/9)*b.
241
Let b(a) = -a**2 + 4*a - 1. Let y be b(2). Let d be (y + -19)*4/2. Let g = d + 47. What are the prime factors of g?
3, 5
Let v = -753 + 2097. What are the prime factors of v?
2, 3, 7
Suppose c = -4*y + 368, 2*c = -2*c + 16. What are the prime factors of y - (-2 + 5 - 6)?
2, 47
Suppose 17*t - 14*t - 120 = 0. What are the prime factors of t?
2, 5
Suppose 8 = 2*f - 4*f. Let c = -3 - f. List the prime factors of 6/(-1 - c)*-7.
3, 7
Suppose 8*m - 12*m + 20 = 0. Suppose 0*z + z = 5*q + 29, -z = 3*q - m. Let o(s) = s + 11. List the prime factors of o(z).
5
Suppose 505 = w + 2*r, -7*r + 2*r = -2*w + 983. Suppose -5*c - 119 = -w. What are the prime factors of c?
2, 19
Let w = -44 + 4. Let s be w/(-220) + (-3458)/22. Let j = s + 226. List the prime factors of j.
3, 23
Let x = -70 - -72. Let i(k) = 66*k - 15. What are the prime factors of i(x)?
3, 13
Suppose -5*j = -3*j + 2*n - 102, -3*n - 55 = -j. Suppose r - 170 = -3*l, -2*r = l - 4*r - j. What are the prime factors of l?
2, 7
List the prime factors of 10/(-16) - 309666/(-336).
3, 307
Let y be ((-1445)/(-20))/(3/24). Suppose 5*t - 5*i + 2*i = y, 0 = -i - 1. What are the prime factors of t?
5, 23
Let s(h) = -h**2 + 12*h + 16. Let a be s(12). Let n(y) be the first derivative of y**4/4 - 16*y**3/3 + y**2/2 + 15*y - 2. What are the prime factors of n(a)?
31
Suppose 9268 - 28195 = -27*v. List the prime factors of v.
701
Let d(z) = z**2 - 4*z + 24. What are the prime factors of d(25)?
3, 61
Suppose -9557 - 4174 = -4*t - 5*m, -3*t + 10312 = m. What are the prime factors of t?
19, 181
Let d(l) = -161*l - 701. List the prime factors of d(-37).
2, 3, 73
Let r = 65 - 125. Let f be (r/(-8))/((-6)/16). What are the prime factors of f/(-1)*8/5?
2
Let z(x) = -x**2 - 7*x + 1. Let r be z(-7). Let h = 3 - r. Suppose 4*i - 91 + 27 = 5*w, -h*i = -5*w - 22. What are the prime factors of i?
3, 7
Suppose b = 59 + 314. What are the prime factors of b?
373
Suppose 3*s = -c - 2*s - 31, 0 = -5*c - 3*s - 67. Suppose 2*o + 4*u + 52 = 5*u, 2*o - 4*u + 46 = 0. Let a = c - o. What are the prime factors of a?
2
Let z(s) = 4*s + 6. Let q be z(-4). What are the prime factors of q/(-4)*(-136)/(-20)?
17
Suppose 0 = -6*z - 1 + 13. Suppose -3*x + 5*g + 127 = 0, 0 = x + z*g - 37 - 20. List the prime factors of x.
7
Suppose -5*n = -3*q + 5249, -3*q + 4*n + 766 + 4479 = 0. What are the prime factors of q?
3, 7, 83
Let s = -82 + 85. Let k(y) = 17*y**2 - y + 5. What are the prime factors of k(s)?
5, 31
What are the prime factors of 16/14 - 85638/(-98)?
5, 7
Let a(r) = 1 + 9*r + 5*r**2 - 2*r**3 - 3*r**2 - 2 - 5*r**3. List the prime factors of a(-3).
179
Suppose -4*g - 4 = 8. Let b(a) = -7*a**3 - 3*a**2 - 2*a - 9. List the prime factors of b(g).
3, 53
Let l(f) = 14*f**2 + 97*f + 70. List the prime factors of l(-18).
2, 5, 11, 13
Let r be 6 + ((-12)/4 - 1). Suppose 5*v - r*v - 180 = 0. What are the prime factors of v?
2, 3, 5
Suppose -y - y = -8. Suppose 0 = y*b + 16, -5*t = b + 8 + 1. List the prime factors of t/(1/(-1 + -28)).
29
Let m(r) = r**3 + 12*r**2 + 7*r - 14. Let o be m(-11). What are the prime factors of ((-20)/o)/((-2)/21)?
7
Suppose y - 5*t = -2*y + 13, -5*y + 5*t = -25. Let q(g) = g**2 + g - 6 - 4*g + 3. List the prime factors of q(y).
3, 5
Let o = -31 - -33. Suppose 0 = 2*n - o*v - 82, 5*v = n - 8 - 25. What are the prime factors of n?
43
Let i = 65 - 60. Let d be ((-10)/2)/((-1)/(-5)). List the prime factors of (-360)/d + (-2)/i.
2, 7
Let z(d) = 2*d**2 - 2*d - 8. Let y(j) = -2*j**2 + 3*j + 9. Let r(g) = 4*y(g) + 5*z(g). Let t be -1 + (0 - -3) + -8. List the prime factors of r(t).
2, 7
Suppose -408 = -45*h + 37*h. List the prime factors of h.
3, 17
Suppose 15*v - 18*v = -135. Suppose -4*h + 3*h = 24. Let w = v + h. What are the prime factors of w?
3, 7
Let r be (-2)/((-4)/(-14)) + 3. Let w be r - -2 - 5*3. Let o = w + 26. List the prime factors of o.
3
Suppose 2*s + 4*f - 1764 + 386 = 0, s + 3*f - 694 = 0. Suppose -41 = -4*k + s. What are the prime factors of k?
2, 3, 5
Suppose -3*d + 7163 = -181. What are the prime factors of d?
2, 3, 17
Let r(w) = w**2 + 6*w - 26. Let x be r(8). Suppose -2*b + x = -4*y, -6*y - 89 = -2*b - y. List the prime factors of b.
37
Suppose -22*x + 1419 = -9339. List the prime factors of x.
3, 163
Let o be 18/(-30) - (-624)/15. Suppose 2*f - o = -3*z + 31, 38 = 2*z - 2*f. List the prime factors of z.
2, 11
Let r be (-2)/2 - -2 - 54. List the prime factors of r*(-3 - -6)/(-3).
53
Suppose 5*a + 0 = 20. Let l(j) = j**3 - j**2 - 4*j + 5. Let b(c) = c**2 + c - 1. Let g(d) = -b(d) + l(d). What are the prime factors of g(a)?
2, 3
What are the prime factors of 244/6 + 148/(-222)?
2, 5
Let j be ((-6)/7)/((-9)/42). Suppose -4*m + 49 = y, 5*y - j*m + 56 = 229. List the prime factors of y.
37
Suppose 20*i - 23820 = 24880. What are the prime factors of i?
5, 487
Suppose -30 = i + 2*k + 3*k, 0 = 2*i + 2*k + 28. List the prime factors of (5 + i)/(1/(-20)).
2, 5
Let g(q) = -q**2 + q. Let n be g(1). Suppose 5*l - 400 = 5*f, -80 = -l + f + 3*f. Suppose -5*p + 0*p + l = n. What are the prime factors of p?
2
Let s(q) = -q**2 - 5*q + 1. Let f be s(-4). Let d = f + -3. Suppose d*n - p = 3*p + 28, 47 = 4*n + p. What are the prime factors of n?
2, 3
Let j(y) = 11*y**2 - 5*y - 53. List the prime factors of j(-8).
691
Let f(g) = 334*g**3 - g**2 - g + 1. Let y be f(1). Suppose x + 8*x - y = 0. List the prime factors of x.
37
Suppose g = -g - 54. Let r = g - -59. Suppose 6*p - 10*p = -r. What are the prime factors of p?
2
Suppose 4*u = 15*u - 4994. Suppose 0 = 2*f + s - 3*s - 450, -2*f + s + u = 0. What are the prime factors of f?
229
Suppose 0 = 5*b + r - 1 + 8, 3*r - 3 = -3*b. What are the prime factors of (b - (-110 - -4))/(2/3)?
2, 3, 13
Let x(m) = 2*m**2 - 13*m + 5. Suppose -4*s + 0*s + 12 = 0, 30 = 5*f - 5*s. What are the prime factors of x(f)?
2, 5
Let k = -41 - -45. Suppose -2*q + k*l - 3*l + 16 = 0, 38 = 4*q - 5*l. List the prime factors of q.
7
Suppose 2 = d + 4, d + 527 = 5*r. Suppose -4*m + 2 + 1 = -5*v, -2*v = -2. Suppose -m*c = -9*c + r. List the prime factors of c.
3, 5
Suppose -7028 - 3053 = -17*s. List the prime factors of s.
593
Suppose 11*a = 5*a - 90. What are the prime factors of 422/6 + 5/a?
2, 5, 7
Suppose 2*c = 3*u - 1718, 3041 = 5*u + 3*c + 203. List the prime factors of u.
2, 3, 5, 19
Suppose 2*z + 35 = 2*d + 1037, -5*z = 5*d - 2475. What are the prime factors of z?
2, 3, 83
Let d(o) = -o + 15. Let r(f) = f**2 + f - 4. Let y be r(0). List the prime factors of d(y).
19
Suppose -y = 5*x + 3037 - 18840, -x + 2*y = -3154. What are the prime factors of x?
2, 5, 79
Let r(g) = -g**3 + 11*g**2 + 9*g + 8. Let c be r(-8). Suppose -9*a - c = -15*a. List the prime factors of a.
2, 3
Suppose -2*z + 9 = -3. Let b be ((-3)/3 - 0) + z. Suppose -23 = -b*a + 4*a. What are the prime factors of a?
23
Suppose -2*b = -2*i + 12, -9 - 9 = -3*i + b. Let t be (4/(-6))/((-4)/i). Let j(y) = 11*y + 1. List the prime factors of j(t).
2, 3
Let m(t) = t**2 - 41*t - 132. What are the prime factors of m(-45)?
2, 3, 7, 89
Let x(b) = b**3 + b**2 + b + 5. Let p(a